{"id":80,"date":"2025-02-18T13:53:36","date_gmt":"2025-02-18T12:53:36","guid":{"rendered":"https:\/\/masterf.com.pl\/?page_id=80"},"modified":"2025-02-21T08:18:59","modified_gmt":"2025-02-21T07:18:59","slug":"oprogramowanie","status":"publish","type":"page","link":"https:\/\/masterf.com.pl\/?page_id=80","title":{"rendered":"Oprogramowanie"},"content":{"rendered":"\n<div class=\"wp-block-group alignfull has-accent-background-color has-background has-global-padding is-layout-constrained wp-container-core-group-is-layout-669513ed wp-block-group-is-layout-constrained\" style=\"margin-top:0;margin-bottom:0;padding-top:var(--wp--preset--spacing--50);padding-right:var(--wp--preset--spacing--50);padding-bottom:var(--wp--preset--spacing--50);padding-left:var(--wp--preset--spacing--50)\">\n<div class=\"wp-block-columns alignwide is-layout-flex wp-container-core-columns-is-layout-1da03c2a wp-block-columns-is-layout-flex\">\n<div class=\"wp-block-column is-vertically-aligned-stretch is-layout-flow wp-block-column-is-layout-flow\" style=\"flex-basis:50%\">\n<div class=\"wp-block-group is-vertical is-content-justification-stretch is-layout-flex wp-container-core-group-is-layout-401b7a8a wp-block-group-is-layout-flex\" style=\"min-height:100%\">\n<h3 class=\"wp-block-heading has-text-align-center\"><strong>Nowoczesne oprogramowanie dla Twojej firmy<\/strong><\/h3>\n\n\n\n<h3 class=\"wp-block-heading has-text-align-center\">W dobie dynamicznego rozwoju technologii kluczowe jest posiadanie niezawodnych rozwi\u0105za\u0144 IT, kt\u00f3re wspieraj\u0105 rozw\u00f3j biznesu. Jeste\u015bmy firm\u0105 specjalizuj\u0105c\u0105 si\u0119 w tworzeniu, wdra\u017caniu i utrzymaniu oprogramowania dostosowanego do indywidualnych potrzeb klient\u00f3w.<\/h3>\n<\/div>\n<\/div>\n\n\n\n<div class=\"wp-block-column is-vertically-aligned-center is-layout-flow wp-block-column-is-layout-flow\" style=\"flex-basis:50%\">\n<figure class=\"wp-block-image aligncenter size-large is-resized is-style-rounded is-style-rounded--1\"><img fetchpriority=\"high\" decoding=\"async\" width=\"683\" height=\"1024\" src=\"https:\/\/masterf.com.pl\/wp-content\/uploads\/2025\/02\/pexels-thisisengineering-3861959-683x1024.jpg\" alt=\"\" class=\"wp-image-474\" style=\"aspect-ratio:0.75;object-fit:cover;width:457px;height:auto\" srcset=\"https:\/\/masterf.com.pl\/wp-content\/uploads\/2025\/02\/pexels-thisisengineering-3861959-683x1024.jpg 683w, https:\/\/masterf.com.pl\/wp-content\/uploads\/2025\/02\/pexels-thisisengineering-3861959-200x300.jpg 200w, https:\/\/masterf.com.pl\/wp-content\/uploads\/2025\/02\/pexels-thisisengineering-3861959-768x1151.jpg 768w, https:\/\/masterf.com.pl\/wp-content\/uploads\/2025\/02\/pexels-thisisengineering-3861959-1025x1536.jpg 1025w, https:\/\/masterf.com.pl\/wp-content\/uploads\/2025\/02\/pexels-thisisengineering-3861959-1366x2048.jpg 1366w, https:\/\/masterf.com.pl\/wp-content\/uploads\/2025\/02\/pexels-thisisengineering-3861959-scaled.jpg 1708w\" sizes=\"(max-width: 683px) 100vw, 683px\" \/><\/figure>\n<\/div>\n<\/div>\n<\/div>\n\n\n\n<div class=\"wp-block-group alignfull has-base-background-color has-background has-global-padding is-layout-constrained wp-container-core-group-is-layout-d89aad35 wp-block-group-is-layout-constrained\" style=\"margin-top:0;margin-bottom:0;padding-top:var(--wp--preset--spacing--50);padding-right:var(--wp--preset--spacing--50);padding-bottom:var(--wp--preset--spacing--50);padding-left:var(--wp--preset--spacing--50)\">\n<div class=\"wp-block-columns alignwide is-layout-flex wp-container-core-columns-is-layout-549b0c86 wp-block-columns-is-layout-flex\">\n<div class=\"wp-block-column is-vertically-aligned-center has-global-padding is-content-justification-left is-layout-constrained wp-container-core-column-is-layout-4f15e8fe wp-block-column-is-layout-constrained\" style=\"flex-basis:40%\">\n<h3 class=\"wp-block-heading\">Dlaczego warto nam zaufa\u0107?<\/h3>\n<\/div>\n\n\n\n<div class=\"wp-block-column is-layout-flow wp-container-core-column-is-layout-119bc444 wp-block-column-is-layout-flow\" style=\"flex-basis:60%\">\n<div class=\"wp-block-columns is-layout-flex wp-container-core-columns-is-layout-87beb0d0 wp-block-columns-is-layout-flex\">\n<div class=\"wp-block-column is-layout-flow wp-block-column-is-layout-flow\">\n<h4 class=\"wp-block-heading\">\ud83d\udd39 <strong>Dedykowane rozwi\u0105zania<\/strong> \u2013 tworzymy oprogramowanie skrojone na miar\u0119 Twojego biznesu.<br>\ud83d\udd39 <strong>Najwy\u017csza jako\u015b\u0107<\/strong> \u2013 wykorzystujemy najnowsze technologie i sprawdzone metody pracy.<br>\ud83d\udd39 <strong>Bezpiecze\u0144stwo i niezawodno\u015b\u0107<\/strong> \u2013 dbamy o stabilno\u015b\u0107 i ochron\u0119 Twoich danych.<br>\ud83d\udd39 <strong>Wsparcie i rozw\u00f3j<\/strong> \u2013 zapewniamy pe\u0142n\u0105 opiek\u0119 techniczn\u0105 oraz regularne aktualizacje.<\/h4>\n<\/div>\n<\/div>\n<\/div>\n<\/div>\n<\/div>\n\n\n\n<div class=\"wp-block-group alignfull has-accent-5-background-color has-background has-global-padding is-layout-constrained wp-container-core-group-is-layout-d89aad35 wp-block-group-is-layout-constrained\" style=\"margin-top:0;margin-bottom:0;padding-top:var(--wp--preset--spacing--50);padding-right:var(--wp--preset--spacing--50);padding-bottom:var(--wp--preset--spacing--50);padding-left:var(--wp--preset--spacing--50)\">\n<div class=\"wp-block-columns alignwide is-layout-flex wp-container-core-columns-is-layout-1da03c2a wp-block-columns-is-layout-flex\">\n<div class=\"wp-block-column is-vertically-aligned-center is-layout-flow wp-block-column-is-layout-flow\" style=\"flex-basis:60%\">\n<figure class=\"wp-block-image size-full is-style-rounded wp-duotone-duotone-1 is-style-rounded--2\"><img decoding=\"async\" width=\"1920\" height=\"1281\" src=\"http:\/\/masterf.com.pl\/wp-content\/uploads\/2025\/02\/pexels-christina-morillo-1181675.jpg\" alt=\"\" class=\"wp-image-472\" style=\"aspect-ratio:4\/3;object-fit:cover\" srcset=\"https:\/\/masterf.com.pl\/wp-content\/uploads\/2025\/02\/pexels-christina-morillo-1181675.jpg 1920w, https:\/\/masterf.com.pl\/wp-content\/uploads\/2025\/02\/pexels-christina-morillo-1181675-300x200.jpg 300w, https:\/\/masterf.com.pl\/wp-content\/uploads\/2025\/02\/pexels-christina-morillo-1181675-1024x683.jpg 1024w, https:\/\/masterf.com.pl\/wp-content\/uploads\/2025\/02\/pexels-christina-morillo-1181675-768x512.jpg 768w, https:\/\/masterf.com.pl\/wp-content\/uploads\/2025\/02\/pexels-christina-morillo-1181675-1536x1025.jpg 1536w\" sizes=\"(max-width: 1920px) 100vw, 1920px\" \/><\/figure>\n<\/div>\n\n\n\n<div class=\"wp-block-column is-layout-flow wp-block-column-is-layout-flow\" style=\"flex-basis:40%\">\n<h3 class=\"wp-block-heading\">Nasza oferta<\/h3>\n\n\n\n<h4 class=\"wp-block-heading\">\u2705 <strong>Tworzenie oprogramowania<\/strong> \u2013 aplikacje webowe, mobilne i systemy dedykowane.<br>\u2705 <strong>Integracja system\u00f3w<\/strong> \u2013 po\u0142\u0105czymy Twoje narz\u0119dzia w sp\u00f3jny ekosystem.<br>\u2705 <strong>Doradztwo IT<\/strong> \u2013 pomo\u017cemy dobra\u0107 najlepsze rozwi\u0105zania dla Twojej firmy.<br>\u2705 <strong>Automatyzacja proces\u00f3w<\/strong> \u2013 zwi\u0119kszamy efektywno\u015b\u0107 dzi\u0119ki inteligentnym rozwi\u0105zaniom.<\/h4>\n\n\n\n<div class=\"wp-block-buttons is-layout-flex wp-block-buttons-is-layout-flex\">\n<div class=\"wp-block-button\"><a class=\"wp-block-button__link wp-element-button\" href=\"https:\/\/masterf.com.pl\/?page_id=55\">Nasze us\u0142ugi<\/a><\/div>\n<\/div>\n<\/div>\n<\/div>\n<\/div>\n\n\n\n<div class=\"wp-block-group alignfull has-global-padding is-layout-constrained wp-container-core-group-is-layout-d89aad35 wp-block-group-is-layout-constrained\" style=\"margin-top:0;margin-bottom:0;padding-top:var(--wp--preset--spacing--50);padding-right:var(--wp--preset--spacing--50);padding-bottom:var(--wp--preset--spacing--50);padding-left:var(--wp--preset--spacing--50)\">\n<div class=\"wp-block-group alignwide has-base-2-background-color has-background is-layout-flow wp-block-group-is-layout-flow\" style=\"border-radius:16px;padding-top:var(--wp--preset--spacing--50);padding-right:var(--wp--preset--spacing--50);padding-bottom:var(--wp--preset--spacing--50);padding-left:var(--wp--preset--spacing--50)\">\n<h3 class=\"wp-block-heading has-text-align-center\">W naszej ofercie posiadamy oprogramowanie firm:<\/h3>\n\n\n\n<div style=\"height:var(--wp--preset--spacing--10)\" aria-hidden=\"true\" class=\"wp-block-spacer\"><\/div>\n\n\n\n<div class=\"wp-block-group alignwide is-content-justification-center is-layout-flex wp-container-core-group-is-layout-f95ffa09 wp-block-group-is-layout-flex\" style=\"padding-top:0;padding-right:0;padding-bottom:0;padding-left:0\">\n<figure class=\"wp-block-image size-large is-resized\"><a href=\"https:\/\/masterf.com.pl\/?page_id=484\"><img decoding=\"async\" width=\"1024\" height=\"447\" src=\"http:\/\/masterf.com.pl\/wp-content\/uploads\/2025\/02\/InsERT_programy_dla_firm-1024x447.png\" alt=\"\" class=\"wp-image-469\" style=\"aspect-ratio:4\/3;object-fit:contain;width:150px\" srcset=\"https:\/\/masterf.com.pl\/wp-content\/uploads\/2025\/02\/InsERT_programy_dla_firm-1024x447.png 1024w, https:\/\/masterf.com.pl\/wp-content\/uploads\/2025\/02\/InsERT_programy_dla_firm-300x131.png 300w, https:\/\/masterf.com.pl\/wp-content\/uploads\/2025\/02\/InsERT_programy_dla_firm-768x335.png 768w, https:\/\/masterf.com.pl\/wp-content\/uploads\/2025\/02\/InsERT_programy_dla_firm-1536x671.png 1536w, https:\/\/masterf.com.pl\/wp-content\/uploads\/2025\/02\/InsERT_programy_dla_firm-2048x894.png 2048w\" sizes=\"(max-width: 1024px) 100vw, 1024px\" \/><\/a><\/figure>\n\n\n\n<figure class=\"wp-block-image size-full is-resized\"><a href=\"https:\/\/masterf.com.pl\/?page_id=525\"><img loading=\"lazy\" decoding=\"async\" width=\"248\" height=\"35\" src=\"http:\/\/masterf.com.pl\/wp-content\/uploads\/2025\/02\/logo-streamsoft-1024x142-1.png\" alt=\"\" class=\"wp-image-470\" style=\"aspect-ratio:4\/3;object-fit:contain;width:150px\"\/><\/a><\/figure>\n<\/div>\n<\/div>\n<\/div>\n\n\n\n<p><\/p>\n","protected":false},"excerpt":{"rendered":"<p>Nowoczesne oprogramowanie dla Twojej firmy W dobie dynamicznego rozwoju technologii kluczowe jest posiadanie niezawodnych rozwi\u0105za\u0144 IT, kt\u00f3re wspieraj\u0105 rozw\u00f3j biznesu. Jeste\u015bmy firm\u0105 specjalizuj\u0105c\u0105 si\u0119 w tworzeniu, wdra\u017caniu i utrzymaniu oprogramowania dostosowanego do indywidualnych potrzeb klient\u00f3w. Dlaczego warto nam zaufa\u0107? \ud83d\udd39 Dedykowane rozwi\u0105zania \u2013 tworzymy oprogramowanie skrojone na miar\u0119 Twojego biznesu.\ud83d\udd39 Najwy\u017csza jako\u015b\u0107 \u2013 wykorzystujemy najnowsze [&hellip;]<\/p>\n","protected":false},"author":1,"featured_media":0,"parent":0,"menu_order":0,"comment_status":"closed","ping_status":"closed","template":"","meta":{"footnotes":""},"class_list":["post-80","page","type-page","status-publish","hentry"],"yoast_head":"<!-- This site is optimized with the Yoast SEO plugin v25.0 - https:\/\/yoast.com\/wordpress\/plugins\/seo\/ -->\n<title>Oprogramowanie - Master Fiskal<\/title>\n<meta name=\"robots\" content=\"index, follow, max-snippet:-1, max-image-preview:large, max-video-preview:-1\" \/>\n<link rel=\"canonical\" href=\"https:\/\/masterf.com.pl\/?page_id=80\" \/>\n<meta property=\"og:locale\" content=\"pl_PL\" \/>\n<meta property=\"og:type\" content=\"article\" \/>\n<meta property=\"og:title\" content=\"Oprogramowanie - Master Fiskal\" \/>\n<meta property=\"og:description\" content=\"Nowoczesne oprogramowanie dla Twojej firmy W dobie dynamicznego rozwoju technologii kluczowe jest posiadanie niezawodnych rozwi\u0105za\u0144 IT, kt\u00f3re wspieraj\u0105 rozw\u00f3j biznesu. Jeste\u015bmy firm\u0105 specjalizuj\u0105c\u0105 si\u0119 w tworzeniu, wdra\u017caniu i utrzymaniu oprogramowania dostosowanego do indywidualnych potrzeb klient\u00f3w. Dlaczego warto nam zaufa\u0107? \ud83d\udd39 Dedykowane rozwi\u0105zania \u2013 tworzymy oprogramowanie skrojone na miar\u0119 Twojego biznesu.\ud83d\udd39 Najwy\u017csza jako\u015b\u0107 \u2013 wykorzystujemy najnowsze [&hellip;]\" \/>\n<meta property=\"og:url\" content=\"https:\/\/masterf.com.pl\/?page_id=80\" \/>\n<meta property=\"og:site_name\" content=\"Master Fiskal\" \/>\n<meta property=\"article:modified_time\" content=\"2025-02-21T07:18:59+00:00\" \/>\n<meta property=\"og:image\" content=\"https:\/\/masterf.com.pl\/wp-content\/uploads\/2025\/02\/pexels-thisisengineering-3861959-683x1024.jpg\" \/>\n<meta name=\"twitter:card\" content=\"summary_large_image\" \/>\n<meta name=\"twitter:label1\" content=\"Szacowany czas czytania\" \/>\n\t<meta name=\"twitter:data1\" content=\"2 minuty\" \/>\n<script type=\"application\/ld+json\" class=\"yoast-schema-graph\">{\"@context\":\"https:\/\/schema.org\",\"@graph\":[{\"@type\":\"WebPage\",\"@id\":\"https:\/\/masterf.com.pl\/?page_id=80\",\"url\":\"https:\/\/masterf.com.pl\/?page_id=80\",\"name\":\"Oprogramowanie - Master Fiskal\",\"isPartOf\":{\"@id\":\"http:\/\/masterf.com.pl\/#website\"},\"primaryImageOfPage\":{\"@id\":\"https:\/\/masterf.com.pl\/?page_id=80#primaryimage\"},\"image\":{\"@id\":\"https:\/\/masterf.com.pl\/?page_id=80#primaryimage\"},\"thumbnailUrl\":\"https:\/\/masterf.com.pl\/wp-content\/uploads\/2025\/02\/pexels-thisisengineering-3861959-683x1024.jpg\",\"datePublished\":\"2025-02-18T12:53:36+00:00\",\"dateModified\":\"2025-02-21T07:18:59+00:00\",\"breadcrumb\":{\"@id\":\"https:\/\/masterf.com.pl\/?page_id=80#breadcrumb\"},\"inLanguage\":\"pl-PL\",\"potentialAction\":[{\"@type\":\"ReadAction\",\"target\":[\"https:\/\/masterf.com.pl\/?page_id=80\"]}]},{\"@type\":\"ImageObject\",\"inLanguage\":\"pl-PL\",\"@id\":\"https:\/\/masterf.com.pl\/?page_id=80#primaryimage\",\"url\":\"https:\/\/masterf.com.pl\/wp-content\/uploads\/2025\/02\/pexels-thisisengineering-3861959-scaled.jpg\",\"contentUrl\":\"https:\/\/masterf.com.pl\/wp-content\/uploads\/2025\/02\/pexels-thisisengineering-3861959-scaled.jpg\",\"width\":1708,\"height\":2560},{\"@type\":\"BreadcrumbList\",\"@id\":\"https:\/\/masterf.com.pl\/?page_id=80#breadcrumb\",\"itemListElement\":[{\"@type\":\"ListItem\",\"position\":1,\"name\":\"Home\",\"item\":\"http:\/\/masterf.com.pl\/\"},{\"@type\":\"ListItem\",\"position\":2,\"name\":\"Oprogramowanie\"}]},{\"@type\":\"WebSite\",\"@id\":\"http:\/\/masterf.com.pl\/#website\",\"url\":\"http:\/\/masterf.com.pl\/\",\"name\":\"Master Fiskal\",\"description\":\"kasy fiskalne | oprogramowanie | obs\u0142uga IT\",\"publisher\":{\"@id\":\"http:\/\/masterf.com.pl\/#organization\"},\"potentialAction\":[{\"@type\":\"SearchAction\",\"target\":{\"@type\":\"EntryPoint\",\"urlTemplate\":\"http:\/\/masterf.com.pl\/?s={search_term_string}\"},\"query-input\":{\"@type\":\"PropertyValueSpecification\",\"valueRequired\":true,\"valueName\":\"search_term_string\"}}],\"inLanguage\":\"pl-PL\"},{\"@type\":\"Organization\",\"@id\":\"http:\/\/masterf.com.pl\/#organization\",\"name\":\"Master Fiskal\",\"url\":\"http:\/\/masterf.com.pl\/\",\"logo\":{\"@type\":\"ImageObject\",\"inLanguage\":\"pl-PL\",\"@id\":\"http:\/\/masterf.com.pl\/#\/schema\/logo\/image\/\",\"url\":\"https:\/\/masterf.com.pl\/wp-content\/uploads\/2025\/02\/MasterFiskal-jasneTlo1-przyciete.jpg\",\"contentUrl\":\"https:\/\/masterf.com.pl\/wp-content\/uploads\/2025\/02\/MasterFiskal-jasneTlo1-przyciete.jpg\",\"width\":578,\"height\":101,\"caption\":\"Master Fiskal\"},\"image\":{\"@id\":\"http:\/\/masterf.com.pl\/#\/schema\/logo\/image\/\"}}]}<\/script>\n<!-- \/ Yoast SEO plugin. -->","yoast_head_json":{"title":"Oprogramowanie - Master Fiskal","robots":{"index":"index","follow":"follow","max-snippet":"max-snippet:-1","max-image-preview":"max-image-preview:large","max-video-preview":"max-video-preview:-1"},"canonical":"https:\/\/masterf.com.pl\/?page_id=80","og_locale":"pl_PL","og_type":"article","og_title":"Oprogramowanie - Master Fiskal","og_description":"Nowoczesne oprogramowanie dla Twojej firmy W dobie dynamicznego rozwoju technologii kluczowe jest posiadanie niezawodnych rozwi\u0105za\u0144 IT, kt\u00f3re wspieraj\u0105 rozw\u00f3j biznesu. Jeste\u015bmy firm\u0105 specjalizuj\u0105c\u0105 si\u0119 w tworzeniu, wdra\u017caniu i utrzymaniu oprogramowania dostosowanego do indywidualnych potrzeb klient\u00f3w. Dlaczego warto nam zaufa\u0107? \ud83d\udd39 Dedykowane rozwi\u0105zania \u2013 tworzymy oprogramowanie skrojone na miar\u0119 Twojego biznesu.\ud83d\udd39 Najwy\u017csza jako\u015b\u0107 \u2013 wykorzystujemy najnowsze [&hellip;]","og_url":"https:\/\/masterf.com.pl\/?page_id=80","og_site_name":"Master Fiskal","article_modified_time":"2025-02-21T07:18:59+00:00","og_image":[{"url":"https:\/\/masterf.com.pl\/wp-content\/uploads\/2025\/02\/pexels-thisisengineering-3861959-683x1024.jpg","type":"","width":"","height":""}],"twitter_card":"summary_large_image","twitter_misc":{"Szacowany czas czytania":"2 minuty"},"schema":{"@context":"https:\/\/schema.org","@graph":[{"@type":"WebPage","@id":"https:\/\/masterf.com.pl\/?page_id=80","url":"https:\/\/masterf.com.pl\/?page_id=80","name":"Oprogramowanie - Master Fiskal","isPartOf":{"@id":"http:\/\/masterf.com.pl\/#website"},"primaryImageOfPage":{"@id":"https:\/\/masterf.com.pl\/?page_id=80#primaryimage"},"image":{"@id":"https:\/\/masterf.com.pl\/?page_id=80#primaryimage"},"thumbnailUrl":"https:\/\/masterf.com.pl\/wp-content\/uploads\/2025\/02\/pexels-thisisengineering-3861959-683x1024.jpg","datePublished":"2025-02-18T12:53:36+00:00","dateModified":"2025-02-21T07:18:59+00:00","breadcrumb":{"@id":"https:\/\/masterf.com.pl\/?page_id=80#breadcrumb"},"inLanguage":"pl-PL","potentialAction":[{"@type":"ReadAction","target":["https:\/\/masterf.com.pl\/?page_id=80"]}]},{"@type":"ImageObject","inLanguage":"pl-PL","@id":"https:\/\/masterf.com.pl\/?page_id=80#primaryimage","url":"https:\/\/masterf.com.pl\/wp-content\/uploads\/2025\/02\/pexels-thisisengineering-3861959-scaled.jpg","contentUrl":"https:\/\/masterf.com.pl\/wp-content\/uploads\/2025\/02\/pexels-thisisengineering-3861959-scaled.jpg","width":1708,"height":2560},{"@type":"BreadcrumbList","@id":"https:\/\/masterf.com.pl\/?page_id=80#breadcrumb","itemListElement":[{"@type":"ListItem","position":1,"name":"Home","item":"http:\/\/masterf.com.pl\/"},{"@type":"ListItem","position":2,"name":"Oprogramowanie"}]},{"@type":"WebSite","@id":"http:\/\/masterf.com.pl\/#website","url":"http:\/\/masterf.com.pl\/","name":"Master Fiskal","description":"kasy fiskalne | oprogramowanie | obs\u0142uga IT","publisher":{"@id":"http:\/\/masterf.com.pl\/#organization"},"potentialAction":[{"@type":"SearchAction","target":{"@type":"EntryPoint","urlTemplate":"http:\/\/masterf.com.pl\/?s={search_term_string}"},"query-input":{"@type":"PropertyValueSpecification","valueRequired":true,"valueName":"search_term_string"}}],"inLanguage":"pl-PL"},{"@type":"Organization","@id":"http:\/\/masterf.com.pl\/#organization","name":"Master Fiskal","url":"http:\/\/masterf.com.pl\/","logo":{"@type":"ImageObject","inLanguage":"pl-PL","@id":"http:\/\/masterf.com.pl\/#\/schema\/logo\/image\/","url":"https:\/\/masterf.com.pl\/wp-content\/uploads\/2025\/02\/MasterFiskal-jasneTlo1-przyciete.jpg","contentUrl":"https:\/\/masterf.com.pl\/wp-content\/uploads\/2025\/02\/MasterFiskal-jasneTlo1-przyciete.jpg","width":578,"height":101,"caption":"Master Fiskal"},"image":{"@id":"http:\/\/masterf.com.pl\/#\/schema\/logo\/image\/"}}]}},"_links":{"self":[{"href":"https:\/\/masterf.com.pl\/index.php?rest_route=\/wp\/v2\/pages\/80","targetHints":{"allow":["GET"]}}],"collection":[{"href":"https:\/\/masterf.com.pl\/index.php?rest_route=\/wp\/v2\/pages"}],"about":[{"href":"https:\/\/masterf.com.pl\/index.php?rest_route=\/wp\/v2\/types\/page"}],"author":[{"embeddable":true,"href":"https:\/\/masterf.com.pl\/index.php?rest_route=\/wp\/v2\/users\/1"}],"replies":[{"embeddable":true,"href":"https:\/\/masterf.com.pl\/index.php?rest_route=%2Fwp%2Fv2%2Fcomments&post=80"}],"version-history":[{"count":17,"href":"https:\/\/masterf.com.pl\/index.php?rest_route=\/wp\/v2\/pages\/80\/revisions"}],"predecessor-version":[{"id":571,"href":"https:\/\/masterf.com.pl\/index.php?rest_route=\/wp\/v2\/pages\/80\/revisions\/571"}],"wp:attachment":[{"href":"https:\/\/masterf.com.pl\/index.php?rest_route=%2Fwp%2Fv2%2Fmedia&parent=80"}],"curies":[{"name":"wp","href":"https:\/\/api.w.org\/{rel}","templated":true}]}}